{"id":4522,"date":"2018-05-27T22:13:08","date_gmt":"2018-05-27T20:13:08","guid":{"rendered":"https:\/\/www.tierr.fr\/blog\/?page_id=4522"},"modified":"2021-03-27T17:44:25","modified_gmt":"2021-03-27T16:44:25","slug":"membres","status":"publish","type":"page","link":"https:\/\/www.tierr.fr\/blog\/membres\/","title":{"rendered":"Membres"},"content":{"rendered":"<h3>Espace membres<\/h3>\r\n<p><!--more--><\/p>\r\n<p>L&rsquo;espace membre n&rsquo;est visible que par vous m\u00eame, il sert \u00e0 modifier vos informations personnelles.<\/p>\r\n<h5><span style=\"color: #e74e3b;\">En aucun cas TierrArt Cr\u00e9ations n&rsquo;a acc\u00e8s \u00e0 votre mot de passe, si vous le perdez, il vous faudra en g\u00e9n\u00e9rer un nouveau. Merci de votre compr\u00e9hension.<\/span><\/h5>\r\n<p>Vous ne pouvez pas changer votre identifiant, il est unique et a \u00e9t\u00e9 fig\u00e9 lors de votre inscription. Mais vous avez la possibilit\u00e9 de changer votre adresse \u00e9lectronique ou d&rsquo;ajouter votre site internet.<\/p>\r\n\r\n\r\n<div id=\"wpmem_login\"><a id=\"pwdreset\"><\/a><form action=\"https:\/\/www.tierr.fr\/blog\/membres\/\" method=\"POST\" id=\"wpmem_pwdreset_form\" class=\"form\"><input type=\"hidden\" id=\"_wpmem_pwdreset_nonce\" name=\"_wpmem_pwdreset_nonce\" value=\"5b79ea4e5b\" \/><input type=\"hidden\" name=\"_wp_http_referer\" value=\"\/blog\/wp-json\/wp\/v2\/pages\/4522\" \/><fieldset><legend>R\u00e9initialiser le mot de passe oubli\u00e9<\/legend><label for=\"user\">Identifiant ou e-mail<\/label><div class=\"div_text\"><input name=\"user\" type=\"text\" id=\"user\" value=\"\" class=\"username\" required  \/><\/div><input name=\"a\" type=\"hidden\" value=\"pwdreset\" \/><input name=\"redirect_to\" type=\"hidden\" value=\"\/blog\/wp-json\/wp\/v2\/pages\/4522\" \/><input name=\"formsubmit\" type=\"hidden\" value=\"1\" \/><div class=\"button_div\"><input type=\"submit\" name=\"Submit\" value=\"R\u00e9initialiser le mot de passe\" class=\"buttons\" \/><\/div><div class=\"link-text\"><span class=\"link-text-username\">Identifiant oubli\u00e9\u00a0?&nbsp;<a href=\"https:\/\/www.tierr.fr\/blog\/membres\/?a=getusername\">Cliquer ici<\/a><\/span><\/div><\/fieldset><\/form><\/div>\r\n\r\n<p>&nbsp;<\/p>\r\n<hr \/>\r\n<h3>Newsletter<\/h3>\r\n<p>Si vous n&rsquo;\u00eates pas abonn\u00e9 \u00e0 la newsletter, remplissez ces champs pour recevoir les news de TierrArt Cr\u00e9ations.<\/p>\r\n<div class=\"widget_wysija_cont shortcode_wysija\"><div id=\"msg-form-wysija-shortcode69f981231924d-4\" class=\"wysija-msg ajax\"><\/div><form id=\"form-wysija-shortcode69f981231924d-4\" method=\"post\" action=\"#wysija\" class=\"widget_wysija shortcode_wysija\">\n<p class=\"wysija-paragraph\">\n    <label>E-mail <span class=\"wysija-required\">*<\/span><\/label>\n    \n    \t<input type=\"text\" name=\"wysija[user][email]\" class=\"wysija-input validate[required,custom[email]]\" title=\"E-mail\"  value=\"\" \/>\n    \n    \n    \n    <span class=\"abs-req\">\n        <input type=\"text\" name=\"wysija[user][abs][email]\" class=\"wysija-input validated[abs][email]\" value=\"\" \/>\n    <\/span>\n    \n<\/p>\n<p class=\"wysija-paragraph\">\n    <label>Pr\u00e9nom \/ Pseudo <span class=\"wysija-required\">*<\/span><\/label>\n    \n    \t<input type=\"text\" name=\"wysija[user][firstname]\" class=\"wysija-input validate[required]\" title=\"Pr\u00e9nom \/ Pseudo\"  value=\"\" \/>\n    \n    \n    \n    <span class=\"abs-req\">\n        <input type=\"text\" name=\"wysija[user][abs][firstname]\" class=\"wysija-input validated[abs][firstname]\" value=\"\" \/>\n    <\/span>\n    \n<\/p>\n\r\n<input class=\"wysija-submit wysija-submit-field\" type=\"submit\" value=\"Je m\u2019abonne !\" \/>\n\n    <input type=\"hidden\" name=\"form_id\" value=\"4\" \/>\n    <input type=\"hidden\" name=\"action\" value=\"save\" \/>\n    <input type=\"hidden\" name=\"controller\" value=\"subscribers\" \/>\n    <input type=\"hidden\" value=\"1\" name=\"wysija-page\" \/>\n\n    \n        <input type=\"hidden\" name=\"wysija[user_list][list_ids]\" value=\"1\" \/>\n    \n <\/form><\/div>\r\n<p>&nbsp;<\/p>\r\n<hr \/>\r\n\r\n\r\n<div class=\"wp-block-buttons is-layout-flex wp-block-buttons-is-layout-flex\">\r\n<div class=\"wp-block-button\"><a class=\"wp-block-button__link\" href=\"https:\/\/www.tierr.fr\/blog\/news\/\">retour au blog<\/a><\/div>\r\n<\/div>\r\n","protected":false},"excerpt":{"rendered":"<p>Espace membres<\/p>\n","protected":false},"author":14,"featured_media":0,"parent":0,"menu_order":0,"comment_status":"closed","ping_status":"closed","template":"","meta":{"_seopress_robots_primary_cat":"","_seopress_titles_title":"","_seopress_titles_desc":"","_seopress_robots_index":"","footnotes":""},"class_list":["post-4522","page","type-page","status-publish","hentry","description-off"],"jetpack_shortlink":"https:\/\/wp.me\/P4xlso-1aW","jetpack_sharing_enabled":true,"_links":{"self":[{"href":"https:\/\/www.tierr.fr\/blog\/wp-json\/wp\/v2\/pages\/4522","targetHints":{"allow":["GET"]}}],"collection":[{"href":"https:\/\/www.tierr.fr\/blog\/wp-json\/wp\/v2\/pages"}],"about":[{"href":"https:\/\/www.tierr.fr\/blog\/wp-json\/wp\/v2\/types\/page"}],"author":[{"embeddable":true,"href":"https:\/\/www.tierr.fr\/blog\/wp-json\/wp\/v2\/users\/14"}],"replies":[{"embeddable":true,"href":"https:\/\/www.tierr.fr\/blog\/wp-json\/wp\/v2\/comments?post=4522"}],"version-history":[{"count":0,"href":"https:\/\/www.tierr.fr\/blog\/wp-json\/wp\/v2\/pages\/4522\/revisions"}],"wp:attachment":[{"href":"https:\/\/www.tierr.fr\/blog\/wp-json\/wp\/v2\/media?parent=4522"}],"curies":[{"name":"wp","href":"https:\/\/api.w.org\/{rel}","templated":true}]}}