{"id":2474,"date":"2015-03-12T15:39:05","date_gmt":"2015-03-12T14:39:05","guid":{"rendered":"http:\/\/tierr.fr\/?page_id=2474"},"modified":"2020-05-22T23:09:51","modified_gmt":"2020-05-22T21:09:51","slug":"le-coffre","status":"publish","type":"page","link":"https:\/\/www.tierr.fr\/blog\/le-coffre\/","title":{"rendered":"T\u00e9l\u00e9chargements"},"content":{"rendered":"<h2>Bienvenue dans le coffre.<\/h2>\n<p>Vous voil\u00e0 dans la rubrique t\u00e9l\u00e9chargements. Cette rubrique est\u00a0mon coffre, une boite dans laquelle je range mes outils, truc et astuce, qui me servent au quotidien dans mes cr\u00e9ations. Des brosses, des styles, des actions, des textures, et autres pr\u00e9ceptes et fichiers qui me font gagner du temps dans mon flux de production.<br \/>Je me propose donc de partager avec vous ces petites choses qui vont vous accompagner dans vos cr\u00e9ations et vous aider \u00e0 comprendre le fonctionnement de certains outils.<br \/>La seule condition, \u00eatre abonn\u00e9 au site. C&rsquo;est un petit effort de votre part pour des heures de travail de ma part. Mais je sais que vous comprenez.<\/p>\n<p>Bonne p\u00eache\u2026<\/p>\n<div class='w3eden'><div class='row'><div class='col-md-6 col-sm-6 col-xs-12'><!-- WPDM Link Template: Call to Action 2 -->\n\n<div class=\"well c2a2\">\n    <div class=\"media\">\n        <div class=\"pull-left\" align=\"left\" style=\"margin-right: 10px\">\n            <a href=&#039;http:\/\/tierr.fr\/espace-membres\/&#039; >Vous devez \u00eatre connect\u00e9 pour t\u00e9l\u00e9charger des fichiers.<\/a>\n        <\/div>\n\n        <div class=\"media-body\">\n            <h3 class=\"media-heading\" style=\"padding-top: 0px;border:0px;margin: 0 0 5px 0;font-size:12pt;\"><a style=\"font-weight: 700\" href=\"https:\/\/www.tierr.fr\/blog\/wpdm-package\/action-photoshop-noir-blanc-intense\/\">Action Photoshop - Noir & blanc intense<\/a> <span style=\"margin-left:30px;font-size:8pt;font-weight:300\"><i style=\"margin: 2px 0 0 5px;opacity:0.5\" class=\"fa fa-th-large\"><\/i> 112.85 KB <i style=\"margin: 2px 0 0 5px;opacity:0.5\" class=\"fa fa-download\"><\/i> 109 downloads<\/span><\/h3>\n            T\u00e9l\u00e9charger gratuitement une action Photoshop pour transformer rapidement vos photos...\n        <\/div>\n\n    <\/div>\n\n<\/div>\n<style>.well.c2a2 .btn.wpdm-download-link{ padding: 11px 30px;font-size: 11pt; } .well.c2a2 .media-body{ font-size: 11pt; }<\/style><\/div><div class='col-md-6 col-sm-6 col-xs-12'><!-- WPDM Link Template: Call to Action 2 -->\n\n<div class=\"well c2a2\">\n    <div class=\"media\">\n        <div class=\"pull-left\" align=\"left\" style=\"margin-right: 10px\">\n            <a href=&#039;http:\/\/tierr.fr\/espace-membres\/&#039; >Vous devez \u00eatre connect\u00e9 pour t\u00e9l\u00e9charger des fichiers.<\/a>\n        <\/div>\n\n        <div class=\"media-body\">\n            <h3 class=\"media-heading\" style=\"padding-top: 0px;border:0px;margin: 0 0 5px 0;font-size:12pt;\"><a style=\"font-weight: 700\" href=\"https:\/\/www.tierr.fr\/blog\/wpdm-package\/template-photoshop-gratuit-paysage-effet-bande-dessinee\/\">Template Photoshop gratuit \"paysage\", effet bande dessin\u00e9e<\/a> <span style=\"margin-left:30px;font-size:8pt;font-weight:300\"><i style=\"margin: 2px 0 0 5px;opacity:0.5\" class=\"fa fa-th-large\"><\/i> 79.60 MB <i style=\"margin: 2px 0 0 5px;opacity:0.5\" class=\"fa fa-download\"><\/i> 501 downloads<\/span><\/h3>\n            T\u00e9l\u00e9charger gratuitement un template Photoshop pour transformer rapidement vos...\n        <\/div>\n\n    <\/div>\n\n<\/div>\n<style>.well.c2a2 .btn.wpdm-download-link{ padding: 11px 30px;font-size: 11pt; } .well.c2a2 .media-body{ font-size: 11pt; }<\/style><\/div><div class='col-md-6 col-sm-6 col-xs-12'><!-- WPDM Link Template: Call to Action 2 -->\n\n<div class=\"well c2a2\">\n    <div class=\"media\">\n        <div class=\"pull-left\" align=\"left\" style=\"margin-right: 10px\">\n            <a href=&#039;http:\/\/tierr.fr\/espace-membres\/&#039; >Vous devez \u00eatre connect\u00e9 pour t\u00e9l\u00e9charger des fichiers.<\/a>\n        <\/div>\n\n        <div class=\"media-body\">\n            <h3 class=\"media-heading\" style=\"padding-top: 0px;border:0px;margin: 0 0 5px 0;font-size:12pt;\"><a style=\"font-weight: 700\" href=\"https:\/\/www.tierr.fr\/blog\/wpdm-package\/template-photoshop-gratuit-effet-bande-dessinee\/\">Template Photoshop gratuit \"portrait\", effet bande dessin\u00e9e<\/a> <span style=\"margin-left:30px;font-size:8pt;font-weight:300\"><i style=\"margin: 2px 0 0 5px;opacity:0.5\" class=\"fa fa-th-large\"><\/i> 91,7 MB <i style=\"margin: 2px 0 0 5px;opacity:0.5\" class=\"fa fa-download\"><\/i> 510 downloads<\/span><\/h3>\n            T\u00e9l\u00e9charger gratuitement un template Photoshop pour transformer rapidement vos...\n        <\/div>\n\n    <\/div>\n\n<\/div>\n<style>.well.c2a2 .btn.wpdm-download-link{ padding: 11px 30px;font-size: 11pt; } .well.c2a2 .media-body{ font-size: 11pt; }<\/style><\/div><div class='col-md-6 col-sm-6 col-xs-12'><!-- WPDM Link Template: Call to Action 2 -->\n\n<div class=\"well c2a2\">\n    <div class=\"media\">\n        <div class=\"pull-left\" align=\"left\" style=\"margin-right: 10px\">\n            <a href=&#039;http:\/\/tierr.fr\/espace-membres\/&#039; >Vous devez \u00eatre connect\u00e9 pour t\u00e9l\u00e9charger des fichiers.<\/a>\n        <\/div>\n\n        <div class=\"media-body\">\n            <h3 class=\"media-heading\" style=\"padding-top: 0px;border:0px;margin: 0 0 5px 0;font-size:12pt;\"><a style=\"font-weight: 700\" href=\"https:\/\/www.tierr.fr\/blog\/wpdm-package\/template-photoshop-effet-peinture-aquarelle\/\">Template Photoshop \"effet peinture aquarelle\".<\/a> <span style=\"margin-left:30px;font-size:8pt;font-weight:300\"><i style=\"margin: 2px 0 0 5px;opacity:0.5\" class=\"fa fa-th-large\"><\/i> 130.54 MB <i style=\"margin: 2px 0 0 5px;opacity:0.5\" class=\"fa fa-download\"><\/i> 416 downloads<\/span><\/h3>\n            \nT\u00e9l\u00e9chargez gratuitement un template (mod\u00e8le) Photoshop pour transformer n\u2019importe...\n        <\/div>\n\n    <\/div>\n\n<\/div>\n<style>.well.c2a2 .btn.wpdm-download-link{ padding: 11px 30px;font-size: 11pt; } .well.c2a2 .media-body{ font-size: 11pt; }<\/style><\/div><div class='col-md-6 col-sm-6 col-xs-12'><!-- WPDM Link Template: Call to Action 2 -->\n\n<div class=\"well c2a2\">\n    <div class=\"media\">\n        <div class=\"pull-left\" align=\"left\" style=\"margin-right: 10px\">\n            <a href=&#039;http:\/\/tierr.fr\/espace-membres\/&#039; >Vous devez \u00eatre connect\u00e9 pour t\u00e9l\u00e9charger des fichiers.<\/a>\n        <\/div>\n\n        <div class=\"media-body\">\n            <h3 class=\"media-heading\" style=\"padding-top: 0px;border:0px;margin: 0 0 5px 0;font-size:12pt;\"><a style=\"font-weight: 700\" href=\"https:\/\/www.tierr.fr\/blog\/wpdm-package\/creative-kit-watercolor\/\">Creative Kit Watercolor<\/a> <span style=\"margin-left:30px;font-size:8pt;font-weight:300\"><i style=\"margin: 2px 0 0 5px;opacity:0.5\" class=\"fa fa-th-large\"><\/i> 92.73 MB <i style=\"margin: 2px 0 0 5px;opacity:0.5\" class=\"fa fa-download\"><\/i> 159 downloads<\/span><\/h3>\n            \nJe vous propose gratuitement ce\u00a0kit \"Creative Kit Watercolor\"\u00a0pour des effets...\n        <\/div>\n\n    <\/div>\n\n<\/div>\n<style>.well.c2a2 .btn.wpdm-download-link{ padding: 11px 30px;font-size: 11pt; } .well.c2a2 .media-body{ font-size: 11pt; }<\/style><\/div><div class='col-md-6 col-sm-6 col-xs-12'><!-- WPDM Link Template: Call to Action 2 -->\n\n<div class=\"well c2a2\">\n    <div class=\"media\">\n        <div class=\"pull-left\" align=\"left\" style=\"margin-right: 10px\">\n            <a class='wpdm-download-link btn btn-primary btn-sm' rel='nofollow' href='#' onclick=\"location.href='https:\/\/www.tierr.fr\/blog\/wpdm-package\/wallpapers-collection-tierr-fee\/?wpdmdl=3793&refresh=69fd1d0dcea341778195725';return false;\">T\u00e9l\u00e9charger<\/a>\n        <\/div>\n\n        <div class=\"media-body\">\n            <h3 class=\"media-heading\" style=\"padding-top: 0px;border:0px;margin: 0 0 5px 0;font-size:12pt;\"><a style=\"font-weight: 700\" href=\"https:\/\/www.tierr.fr\/blog\/wpdm-package\/wallpapers-collection-tierr-fee\/\">wallpapers tierr - f\u00e9e<\/a> <span style=\"margin-left:30px;font-size:8pt;font-weight:300\"><i style=\"margin: 2px 0 0 5px;opacity:0.5\" class=\"fa fa-th-large\"><\/i> 5.42 MB <i style=\"margin: 2px 0 0 5px;opacity:0.5\" class=\"fa fa-download\"><\/i> 167 downloads<\/span><\/h3>\n            \nElle ne s\u2019appelle pas clochette, mais c\u2019est une\u00a0f\u00e9e charmante et fragile\u00a0qui...\n        <\/div>\n\n    <\/div>\n\n<\/div>\n<style>.well.c2a2 .btn.wpdm-download-link{ padding: 11px 30px;font-size: 11pt; } .well.c2a2 .media-body{ font-size: 11pt; }<\/style><\/div><div class='col-md-6 col-sm-6 col-xs-12'><!-- WPDM Link Template: Call to Action 2 -->\n\n<div class=\"well c2a2\">\n    <div class=\"media\">\n        <div class=\"pull-left\" align=\"left\" style=\"margin-right: 10px\">\n            <a class='wpdm-download-link btn btn-primary btn-sm' rel='nofollow' href='#' onclick=\"location.href='https:\/\/www.tierr.fr\/blog\/wpdm-package\/wallpapers-collection-tierr-sophie\/?wpdmdl=3790&refresh=69fd1d0dcf0c71778195725';return false;\">T\u00e9l\u00e9charger<\/a>\n        <\/div>\n\n        <div class=\"media-body\">\n            <h3 class=\"media-heading\" style=\"padding-top: 0px;border:0px;margin: 0 0 5px 0;font-size:12pt;\"><a style=\"font-weight: 700\" href=\"https:\/\/www.tierr.fr\/blog\/wpdm-package\/wallpapers-collection-tierr-sophie\/\">Wallpapers Tierr - Sophie<\/a> <span style=\"margin-left:30px;font-size:8pt;font-weight:300\"><i style=\"margin: 2px 0 0 5px;opacity:0.5\" class=\"fa fa-th-large\"><\/i> 3.50 MB <i style=\"margin: 2px 0 0 5px;opacity:0.5\" class=\"fa fa-download\"><\/i> 150 downloads<\/span><\/h3>\n            \nSophie la lumineuse est\u00a0une collection de wallpapers pour vos tablettes, smartphones...\n        <\/div>\n\n    <\/div>\n\n<\/div>\n<style>.well.c2a2 .btn.wpdm-download-link{ padding: 11px 30px;font-size: 11pt; } .well.c2a2 .media-body{ font-size: 11pt; }<\/style><\/div><div class='col-md-6 col-sm-6 col-xs-12'><!-- WPDM Link Template: Call to Action 2 -->\n\n<div class=\"well c2a2\">\n    <div class=\"media\">\n        <div class=\"pull-left\" align=\"left\" style=\"margin-right: 10px\">\n            <a class='wpdm-download-link btn btn-primary btn-sm' rel='nofollow' href='#' onclick=\"location.href='https:\/\/www.tierr.fr\/blog\/wpdm-package\/psd-lannee-2017\/?wpdmdl=3771&refresh=69fd1d0dcf7ee1778195725';return false;\">T\u00e9l\u00e9charger<\/a>\n        <\/div>\n\n        <div class=\"media-body\">\n            <h3 class=\"media-heading\" style=\"padding-top: 0px;border:0px;margin: 0 0 5px 0;font-size:12pt;\"><a style=\"font-weight: 700\" href=\"https:\/\/www.tierr.fr\/blog\/wpdm-package\/psd-lannee-2017\/\">PSD pour l'ann\u00e9e 2017<\/a> <span style=\"margin-left:30px;font-size:8pt;font-weight:300\"><i style=\"margin: 2px 0 0 5px;opacity:0.5\" class=\"fa fa-th-large\"><\/i> 2.91 MB <i style=\"margin: 2px 0 0 5px;opacity:0.5\" class=\"fa fa-download\"><\/i> 184 downloads<\/span><\/h3>\n            \nEt pour commencer cette nouvelle ann\u00e9e, je vous ai pr\u00e9par\u00e9 un visuel Photoshop....\n        <\/div>\n\n    <\/div>\n\n<\/div>\n<style>.well.c2a2 .btn.wpdm-download-link{ padding: 11px 30px;font-size: 11pt; } .well.c2a2 .media-body{ font-size: 11pt; }<\/style><\/div><div class='col-md-6 col-sm-6 col-xs-12'><!-- WPDM Link Template: Call to Action 2 -->\n\n<div class=\"well c2a2\">\n    <div class=\"media\">\n        <div class=\"pull-left\" align=\"left\" style=\"margin-right: 10px\">\n            <a href=&#039;http:\/\/tierr.fr\/espace-membres\/&#039; >Vous devez \u00eatre connect\u00e9 pour t\u00e9l\u00e9charger des fichiers.<\/a>\n        <\/div>\n\n        <div class=\"media-body\">\n            <h3 class=\"media-heading\" style=\"padding-top: 0px;border:0px;margin: 0 0 5px 0;font-size:12pt;\"><a style=\"font-weight: 700\" href=\"https:\/\/www.tierr.fr\/blog\/wpdm-package\/kit-painter-photoshop\/\">Kit Painter Photoshop<\/a> <span style=\"margin-left:30px;font-size:8pt;font-weight:300\"><i style=\"margin: 2px 0 0 5px;opacity:0.5\" class=\"fa fa-th-large\"><\/i> 18.90 MB <i style=\"margin: 2px 0 0 5px;opacity:0.5\" class=\"fa fa-download\"><\/i> 159 downloads<\/span><\/h3>\n            \nJe vous propose gratuitement un kit de d\u00e9marrage d'outils pr\u00e9d\u00e9finis pour vous...\n        <\/div>\n\n    <\/div>\n\n<\/div>\n<style>.well.c2a2 .btn.wpdm-download-link{ padding: 11px 30px;font-size: 11pt; } .well.c2a2 .media-body{ font-size: 11pt; }<\/style><\/div><div class='col-md-6 col-sm-6 col-xs-12'><!-- WPDM Link Template: Call to Action 2 -->\n\n<div class=\"well c2a2\">\n    <div class=\"media\">\n        <div class=\"pull-left\" align=\"left\" style=\"margin-right: 10px\">\n            <a href=&#039;http:\/\/tierr.fr\/espace-membres\/&#039; >Vous devez \u00eatre connect\u00e9 pour t\u00e9l\u00e9charger des fichiers.<\/a>\n        <\/div>\n\n        <div class=\"media-body\">\n            <h3 class=\"media-heading\" style=\"padding-top: 0px;border:0px;margin: 0 0 5px 0;font-size:12pt;\"><a style=\"font-weight: 700\" href=\"https:\/\/www.tierr.fr\/blog\/wpdm-package\/3526\/\">Free text effect Valentine\u2019s Day<\/a> <span style=\"margin-left:30px;font-size:8pt;font-weight:300\"><i style=\"margin: 2px 0 0 5px;opacity:0.5\" class=\"fa fa-th-large\"><\/i> 13.77 MB <i style=\"margin: 2px 0 0 5px;opacity:0.5\" class=\"fa fa-download\"><\/i> 33 downloads<\/span><\/h3>\n            \nCe template \"Free text effect Valentine\u2019s Day\" Photoshop va vous permettre de...\n        <\/div>\n\n    <\/div>\n\n<\/div>\n<style>.well.c2a2 .btn.wpdm-download-link{ padding: 11px 30px;font-size: 11pt; } .well.c2a2 .media-body{ font-size: 11pt; }<\/style><\/div><\/div><div style='clear:both'><\/div><div class='text-center'><ul data-container='#' class=\"pagination  pagination-centered\"><li><a class=\"disabled\">&#9668;<\/a><\/li><li class=\"active\"><a class=\"current\">1<\/a><\/li><li><a data-page='2' data-container='#' href=\"\/blog\/wp-json\/wp\/v2\/pages\/2474?&cp_208=2\" rel = '' >2<\/a><\/li><li><a data-page='2' data-container='#' href=\"\/blog\/wp-json\/wp\/v2\/pages\/2474?&cp_208=2\" class=\"next\" rel = '' >&#9658;<\/a><\/li><\/ul><\/div>\n<div style='clear:both'><\/div><div style='clear:both'><\/div><\/div>\n","protected":false},"excerpt":{"rendered":"<p>Bienvenue dans le coffre. Vous voil\u00e0 dans la rubrique t\u00e9l\u00e9chargements. Cette rubrique est\u00a0mon coffre, une boite dans laquelle je range mes outils, truc et astuce, qui me servent au quotidien dans mes cr\u00e9ations. Des brosses, des styles, des actions, des textures, et autres pr\u00e9ceptes et fichiers qui me font gagner du temps dans mon flux&hellip;<\/p>\n","protected":false},"author":14,"featured_media":0,"parent":0,"menu_order":0,"comment_status":"closed","ping_status":"closed","template":"","meta":{"_seopress_robots_primary_cat":"","_seopress_titles_title":"","_seopress_titles_desc":"","_seopress_robots_index":"","footnotes":""},"class_list":["post-2474","page","type-page","status-publish","hentry","description-off"],"jetpack_shortlink":"https:\/\/wp.me\/P4xlso-DU","jetpack_sharing_enabled":true,"_links":{"self":[{"href":"https:\/\/www.tierr.fr\/blog\/wp-json\/wp\/v2\/pages\/2474","targetHints":{"allow":["GET"]}}],"collection":[{"href":"https:\/\/www.tierr.fr\/blog\/wp-json\/wp\/v2\/pages"}],"about":[{"href":"https:\/\/www.tierr.fr\/blog\/wp-json\/wp\/v2\/types\/page"}],"author":[{"embeddable":true,"href":"https:\/\/www.tierr.fr\/blog\/wp-json\/wp\/v2\/users\/14"}],"replies":[{"embeddable":true,"href":"https:\/\/www.tierr.fr\/blog\/wp-json\/wp\/v2\/comments?post=2474"}],"version-history":[{"count":0,"href":"https:\/\/www.tierr.fr\/blog\/wp-json\/wp\/v2\/pages\/2474\/revisions"}],"wp:attachment":[{"href":"https:\/\/www.tierr.fr\/blog\/wp-json\/wp\/v2\/media?parent=2474"}],"curies":[{"name":"wp","href":"https:\/\/api.w.org\/{rel}","templated":true}]}}